{"id":89,"date":"2016-06-18T17:00:49","date_gmt":"2016-06-18T15:00:49","guid":{"rendered":"http:\/\/setdancebasel.ch\/wordpress\/?page_id=89"},"modified":"2021-06-12T09:40:51","modified_gmt":"2021-06-12T07:40:51","slug":"workshop-2","status":"publish","type":"page","link":"http:\/\/setdancebasel.ch\/?page_id=89&lang=de","title":{"rendered":"Workshop"},"content":{"rendered":"<p>Liebe Setdancer<\/p>\n<p>Wir werden bis auf weiteres keine Workshops durchf\u00fchren.<\/p>\n<p>Vielen Dank f\u00fcr Euer Verst\u00e4ndnis<br \/>\nISDGB<\/p>\n","protected":false},"excerpt":{"rendered":"<p>Liebe Setdancer Wir werden bis auf weiteres keine Workshops durchf\u00fchren. Vielen Dank f\u00fcr Euer Verst\u00e4ndnis ISDGB<\/p>\n","protected":false},"author":2,"featured_media":0,"parent":0,"menu_order":0,"comment_status":"closed","ping_status":"closed","template":"","meta":{"footnotes":""},"class_list":["post-89","page","type-page","status-publish","hentry"],"yoast_head":"<!-- This site is optimized with the Yoast SEO plugin v20.3 - https:\/\/yoast.com\/wordpress\/plugins\/seo\/ -->\n<title>Workshop - ISDGB<\/title>\n<meta name=\"robots\" content=\"index, follow, max-snippet:-1, max-image-preview:large, max-video-preview:-1\" \/>\n<link rel=\"canonical\" href=\"http:\/\/setdancebasel.ch\/?page_id=89&lang=de\" \/>\n<meta property=\"og:locale\" content=\"de_DE\" \/>\n<meta property=\"og:type\" content=\"article\" \/>\n<meta property=\"og:title\" content=\"Workshop - ISDGB\" \/>\n<meta property=\"og:description\" content=\"Liebe Setdancer Wir werden bis auf weiteres keine Workshops durchf\u00fchren. Vielen Dank f\u00fcr Euer Verst\u00e4ndnis ISDGB\" \/>\n<meta property=\"og:url\" content=\"http:\/\/setdancebasel.ch\/?page_id=89&amp;lang=de\" \/>\n<meta property=\"og:site_name\" content=\"ISDGB\" \/>\n<meta property=\"article:publisher\" content=\"https:\/\/www.facebook.com\/irish.set.dance.group.basel\" \/>\n<meta property=\"article:modified_time\" content=\"2021-06-12T07:40:51+00:00\" \/>\n<meta name=\"twitter:card\" content=\"summary_large_image\" \/>\n<script type=\"application\/ld+json\" class=\"yoast-schema-graph\">{\"@context\":\"https:\/\/schema.org\",\"@graph\":[{\"@type\":\"WebPage\",\"@id\":\"http:\/\/setdancebasel.ch\/?page_id=89&lang=de\",\"url\":\"http:\/\/setdancebasel.ch\/?page_id=89&lang=de\",\"name\":\"Workshop - ISDGB\",\"isPartOf\":{\"@id\":\"http:\/\/setdancebasel.ch\/#website\"},\"datePublished\":\"2016-06-18T15:00:49+00:00\",\"dateModified\":\"2021-06-12T07:40:51+00:00\",\"breadcrumb\":{\"@id\":\"http:\/\/setdancebasel.ch\/?page_id=89&lang=de#breadcrumb\"},\"inLanguage\":\"de\",\"potentialAction\":[{\"@type\":\"ReadAction\",\"target\":[\"http:\/\/setdancebasel.ch\/?page_id=89&lang=de\"]}]},{\"@type\":\"BreadcrumbList\",\"@id\":\"http:\/\/setdancebasel.ch\/?page_id=89&lang=de#breadcrumb\",\"itemListElement\":[{\"@type\":\"ListItem\",\"position\":1,\"name\":\"Home\",\"item\":\"http:\/\/setdancebasel.ch\/?page_id=8&lang=de\"},{\"@type\":\"ListItem\",\"position\":2,\"name\":\"Workshop\"}]},{\"@type\":\"WebSite\",\"@id\":\"http:\/\/setdancebasel.ch\/#website\",\"url\":\"http:\/\/setdancebasel.ch\/\",\"name\":\"ISDGB\",\"description\":\"Einfach kommen, mitmachen und Spass haben\",\"alternateName\":\"Irish Setdance Group Basel\",\"potentialAction\":[{\"@type\":\"SearchAction\",\"target\":{\"@type\":\"EntryPoint\",\"urlTemplate\":\"http:\/\/setdancebasel.ch\/?s={search_term_string}\"},\"query-input\":\"required name=search_term_string\"}],\"inLanguage\":\"de\"}]}<\/script>\n<!-- \/ Yoast SEO plugin. -->","yoast_head_json":{"title":"Workshop - ISDGB","robots":{"index":"index","follow":"follow","max-snippet":"max-snippet:-1","max-image-preview":"max-image-preview:large","max-video-preview":"max-video-preview:-1"},"canonical":"http:\/\/setdancebasel.ch\/?page_id=89&lang=de","og_locale":"de_DE","og_type":"article","og_title":"Workshop - ISDGB","og_description":"Liebe Setdancer Wir werden bis auf weiteres keine Workshops durchf\u00fchren. Vielen Dank f\u00fcr Euer Verst\u00e4ndnis ISDGB","og_url":"http:\/\/setdancebasel.ch\/?page_id=89&lang=de","og_site_name":"ISDGB","article_publisher":"https:\/\/www.facebook.com\/irish.set.dance.group.basel","article_modified_time":"2021-06-12T07:40:51+00:00","twitter_card":"summary_large_image","schema":{"@context":"https:\/\/schema.org","@graph":[{"@type":"WebPage","@id":"http:\/\/setdancebasel.ch\/?page_id=89&lang=de","url":"http:\/\/setdancebasel.ch\/?page_id=89&lang=de","name":"Workshop - ISDGB","isPartOf":{"@id":"http:\/\/setdancebasel.ch\/#website"},"datePublished":"2016-06-18T15:00:49+00:00","dateModified":"2021-06-12T07:40:51+00:00","breadcrumb":{"@id":"http:\/\/setdancebasel.ch\/?page_id=89&lang=de#breadcrumb"},"inLanguage":"de","potentialAction":[{"@type":"ReadAction","target":["http:\/\/setdancebasel.ch\/?page_id=89&lang=de"]}]},{"@type":"BreadcrumbList","@id":"http:\/\/setdancebasel.ch\/?page_id=89&lang=de#breadcrumb","itemListElement":[{"@type":"ListItem","position":1,"name":"Home","item":"http:\/\/setdancebasel.ch\/?page_id=8&lang=de"},{"@type":"ListItem","position":2,"name":"Workshop"}]},{"@type":"WebSite","@id":"http:\/\/setdancebasel.ch\/#website","url":"http:\/\/setdancebasel.ch\/","name":"ISDGB","description":"Einfach kommen, mitmachen und Spass haben","alternateName":"Irish Setdance Group Basel","potentialAction":[{"@type":"SearchAction","target":{"@type":"EntryPoint","urlTemplate":"http:\/\/setdancebasel.ch\/?s={search_term_string}"},"query-input":"required name=search_term_string"}],"inLanguage":"de"}]}},"_links":{"self":[{"href":"http:\/\/setdancebasel.ch\/index.php?rest_route=\/wp\/v2\/pages\/89","targetHints":{"allow":["GET"]}}],"collection":[{"href":"http:\/\/setdancebasel.ch\/index.php?rest_route=\/wp\/v2\/pages"}],"about":[{"href":"http:\/\/setdancebasel.ch\/index.php?rest_route=\/wp\/v2\/types\/page"}],"author":[{"embeddable":true,"href":"http:\/\/setdancebasel.ch\/index.php?rest_route=\/wp\/v2\/users\/2"}],"replies":[{"embeddable":true,"href":"http:\/\/setdancebasel.ch\/index.php?rest_route=%2Fwp%2Fv2%2Fcomments&post=89"}],"version-history":[{"count":7,"href":"http:\/\/setdancebasel.ch\/index.php?rest_route=\/wp\/v2\/pages\/89\/revisions"}],"predecessor-version":[{"id":740,"href":"http:\/\/setdancebasel.ch\/index.php?rest_route=\/wp\/v2\/pages\/89\/revisions\/740"}],"wp:attachment":[{"href":"http:\/\/setdancebasel.ch\/index.php?rest_route=%2Fwp%2Fv2%2Fmedia&parent=89"}],"curies":[{"name":"wp","href":"https:\/\/api.w.org\/{rel}","templated":true}]}}