{"id":833,"date":"2023-03-24T09:45:33","date_gmt":"2023-03-24T08:45:33","guid":{"rendered":"http:\/\/setdancebasel.ch\/?page_id=833"},"modified":"2023-03-29T19:31:50","modified_gmt":"2023-03-29T17:31:50","slug":"irischer-set-tanz","status":"publish","type":"page","link":"http:\/\/setdancebasel.ch\/?page_id=833&lang=de","title":{"rendered":"Irischer Set Dance"},"content":{"rendered":"\n<p>Was ist Irischer Set Dance?<\/p>\n<p>Der Set Dance ist ein schneller Tanz, der oft von rhythmischen Steppschritten begleitet wird. Im Allgemeinen wird der Fuss relativ flach bewegt, Spr\u00fcnge etc. werden vermieden.<\/p>\n<p>In der Regel stellen sich vier Paare in einem Quadrat auf. Alle acht beteiligten T\u00e4nzer sowie der Tanz selbst werden als Set bezeichnet. Der Tanz besteht dann aus einer bestimmten choreografischen Abfolge von drei bis neun Tanzfiguren (\u00fcblich sind vier bis sechs) mit einer kurzen Pause dazwischen. Im Set wird das Paar, das mit dem R\u00fccken zur Band (Musik) steht, traditionell als First Tops und das gegen\u00fcberliegende Paar als Second Tops bezeichnet. Normalerweise wird das Paar links von den First Tops als First Sides und das Paar gegen\u00fcber als Second Sides bezeichnet. Diese Bezeichnungen werden auch ausserhalb Irlands verwendet.<\/p>\n<p>Set Dancing wird zu Reels, Jigs, Polkas, Hornpipes und seltener zu Mazurkas getanzt.<\/p>\n<p>\u00a0<\/p>\n<p><strong>Hier ist ein Video zur Veranschaulichung<\/strong><\/p>\n<p>The Claddagh Set<\/p>\n\n\n\n<figure class=\"wp-block-embed is-type-video is-provider-youtube wp-block-embed-youtube wp-embed-aspect-4-3 wp-has-aspect-ratio\"><div class=\"wp-block-embed__wrapper\">\n<iframe loading=\"lazy\" title=\"Irish Set Dancing Series - The Claddagh Set (Vol.1, Pt.1)\" width=\"584\" height=\"438\" src=\"https:\/\/www.youtube.com\/embed\/kn94A4otfAs?feature=oembed\" frameborder=\"0\" allow=\"accelerometer; autoplay; clipboard-write; encrypted-media; gyroscope; picture-in-picture; web-share\" referrerpolicy=\"strict-origin-when-cross-origin\" allowfullscreen><\/iframe>\n<\/div><\/figure>\n\n\n\n<p><\/p>\n","protected":false},"excerpt":{"rendered":"<p>Was ist Irischer Set Dance? Der Set Dance ist ein schneller Tanz, der oft von rhythmischen Steppschritten begleitet wird. Im Allgemeinen wird der Fuss relativ flach bewegt, Spr\u00fcnge etc. werden vermieden. In der Regel stellen sich vier Paare in einem &hellip; <a href=\"http:\/\/setdancebasel.ch\/?page_id=833&#038;lang=de\">Weiterlesen <span class=\"meta-nav\">&rarr;<\/span><\/a><\/p>\n","protected":false},"author":1,"featured_media":0,"parent":0,"menu_order":0,"comment_status":"closed","ping_status":"closed","template":"","meta":{"footnotes":""},"class_list":["post-833","page","type-page","status-publish","hentry"],"yoast_head":"<!-- This site is optimized with the Yoast SEO plugin v20.3 - https:\/\/yoast.com\/wordpress\/plugins\/seo\/ -->\n<title>Irischer Set Dance - ISDGB<\/title>\n<meta name=\"description\" content=\"Der Set Dance ist ein schneller Tanz, der oft von rhythmischen Steppschritten begleitet wird. In der Regel stellen sich vier Paare in einem Quadrat auf. Alle acht beteiligten T\u00e4nzer sowie der Tanz selbst werden als Set bezeichnet. Der Tanz besteht dann aus einer bestimmten choreografischen Abfolge von drei bis neun Tanzfiguren.\" \/>\n<meta name=\"robots\" content=\"index, follow, max-snippet:-1, max-image-preview:large, max-video-preview:-1\" \/>\n<link rel=\"canonical\" href=\"http:\/\/setdancebasel.ch\/?page_id=833&lang=de\" \/>\n<meta property=\"og:locale\" content=\"de_DE\" \/>\n<meta property=\"og:type\" content=\"article\" \/>\n<meta property=\"og:title\" content=\"Irischer Set Dance - ISDGB\" \/>\n<meta property=\"og:description\" content=\"Der Set Dance ist ein schneller Tanz, der oft von rhythmischen Steppschritten begleitet wird. In der Regel stellen sich vier Paare in einem Quadrat auf. Alle acht beteiligten T\u00e4nzer sowie der Tanz selbst werden als Set bezeichnet. Der Tanz besteht dann aus einer bestimmten choreografischen Abfolge von drei bis neun Tanzfiguren.\" \/>\n<meta property=\"og:url\" content=\"http:\/\/setdancebasel.ch\/?page_id=833&amp;lang=de\" \/>\n<meta property=\"og:site_name\" content=\"ISDGB\" \/>\n<meta property=\"article:publisher\" content=\"https:\/\/www.facebook.com\/irish.set.dance.group.basel\" \/>\n<meta property=\"article:modified_time\" content=\"2023-03-29T17:31:50+00:00\" \/>\n<meta name=\"twitter:card\" content=\"summary_large_image\" \/>\n<meta name=\"twitter:label1\" content=\"Gesch\u00e4tzte Lesezeit\" \/>\n\t<meta name=\"twitter:data1\" content=\"1\u00a0Minute\" \/>\n<script type=\"application\/ld+json\" class=\"yoast-schema-graph\">{\"@context\":\"https:\/\/schema.org\",\"@graph\":[{\"@type\":\"WebPage\",\"@id\":\"http:\/\/setdancebasel.ch\/?page_id=833&lang=de\",\"url\":\"http:\/\/setdancebasel.ch\/?page_id=833&lang=de\",\"name\":\"Irischer Set Dance - ISDGB\",\"isPartOf\":{\"@id\":\"http:\/\/setdancebasel.ch\/#website\"},\"datePublished\":\"2023-03-24T08:45:33+00:00\",\"dateModified\":\"2023-03-29T17:31:50+00:00\",\"description\":\"Der Set Dance ist ein schneller Tanz, der oft von rhythmischen Steppschritten begleitet wird. In der Regel stellen sich vier Paare in einem Quadrat auf. Alle acht beteiligten T\u00e4nzer sowie der Tanz selbst werden als Set bezeichnet. Der Tanz besteht dann aus einer bestimmten choreografischen Abfolge von drei bis neun Tanzfiguren.\",\"breadcrumb\":{\"@id\":\"http:\/\/setdancebasel.ch\/?page_id=833&lang=de#breadcrumb\"},\"inLanguage\":\"de\",\"potentialAction\":[{\"@type\":\"ReadAction\",\"target\":[\"http:\/\/setdancebasel.ch\/?page_id=833&lang=de\"]}]},{\"@type\":\"BreadcrumbList\",\"@id\":\"http:\/\/setdancebasel.ch\/?page_id=833&lang=de#breadcrumb\",\"itemListElement\":[{\"@type\":\"ListItem\",\"position\":1,\"name\":\"Home\",\"item\":\"http:\/\/setdancebasel.ch\/?page_id=8&lang=de\"},{\"@type\":\"ListItem\",\"position\":2,\"name\":\"Irischer Set Dance\"}]},{\"@type\":\"WebSite\",\"@id\":\"http:\/\/setdancebasel.ch\/#website\",\"url\":\"http:\/\/setdancebasel.ch\/\",\"name\":\"ISDGB\",\"description\":\"Einfach kommen, mitmachen und Spass haben\",\"alternateName\":\"Irish Setdance Group Basel\",\"potentialAction\":[{\"@type\":\"SearchAction\",\"target\":{\"@type\":\"EntryPoint\",\"urlTemplate\":\"http:\/\/setdancebasel.ch\/?s={search_term_string}\"},\"query-input\":\"required name=search_term_string\"}],\"inLanguage\":\"de\"}]}<\/script>\n<!-- \/ Yoast SEO plugin. -->","yoast_head_json":{"title":"Irischer Set Dance - ISDGB","description":"Der Set Dance ist ein schneller Tanz, der oft von rhythmischen Steppschritten begleitet wird. In der Regel stellen sich vier Paare in einem Quadrat auf. Alle acht beteiligten T\u00e4nzer sowie der Tanz selbst werden als Set bezeichnet. Der Tanz besteht dann aus einer bestimmten choreografischen Abfolge von drei bis neun Tanzfiguren.","robots":{"index":"index","follow":"follow","max-snippet":"max-snippet:-1","max-image-preview":"max-image-preview:large","max-video-preview":"max-video-preview:-1"},"canonical":"http:\/\/setdancebasel.ch\/?page_id=833&lang=de","og_locale":"de_DE","og_type":"article","og_title":"Irischer Set Dance - ISDGB","og_description":"Der Set Dance ist ein schneller Tanz, der oft von rhythmischen Steppschritten begleitet wird. In der Regel stellen sich vier Paare in einem Quadrat auf. Alle acht beteiligten T\u00e4nzer sowie der Tanz selbst werden als Set bezeichnet. Der Tanz besteht dann aus einer bestimmten choreografischen Abfolge von drei bis neun Tanzfiguren.","og_url":"http:\/\/setdancebasel.ch\/?page_id=833&lang=de","og_site_name":"ISDGB","article_publisher":"https:\/\/www.facebook.com\/irish.set.dance.group.basel","article_modified_time":"2023-03-29T17:31:50+00:00","twitter_card":"summary_large_image","twitter_misc":{"Gesch\u00e4tzte Lesezeit":"1\u00a0Minute"},"schema":{"@context":"https:\/\/schema.org","@graph":[{"@type":"WebPage","@id":"http:\/\/setdancebasel.ch\/?page_id=833&lang=de","url":"http:\/\/setdancebasel.ch\/?page_id=833&lang=de","name":"Irischer Set Dance - ISDGB","isPartOf":{"@id":"http:\/\/setdancebasel.ch\/#website"},"datePublished":"2023-03-24T08:45:33+00:00","dateModified":"2023-03-29T17:31:50+00:00","description":"Der Set Dance ist ein schneller Tanz, der oft von rhythmischen Steppschritten begleitet wird. In der Regel stellen sich vier Paare in einem Quadrat auf. Alle acht beteiligten T\u00e4nzer sowie der Tanz selbst werden als Set bezeichnet. Der Tanz besteht dann aus einer bestimmten choreografischen Abfolge von drei bis neun Tanzfiguren.","breadcrumb":{"@id":"http:\/\/setdancebasel.ch\/?page_id=833&lang=de#breadcrumb"},"inLanguage":"de","potentialAction":[{"@type":"ReadAction","target":["http:\/\/setdancebasel.ch\/?page_id=833&lang=de"]}]},{"@type":"BreadcrumbList","@id":"http:\/\/setdancebasel.ch\/?page_id=833&lang=de#breadcrumb","itemListElement":[{"@type":"ListItem","position":1,"name":"Home","item":"http:\/\/setdancebasel.ch\/?page_id=8&lang=de"},{"@type":"ListItem","position":2,"name":"Irischer Set Dance"}]},{"@type":"WebSite","@id":"http:\/\/setdancebasel.ch\/#website","url":"http:\/\/setdancebasel.ch\/","name":"ISDGB","description":"Einfach kommen, mitmachen und Spass haben","alternateName":"Irish Setdance Group Basel","potentialAction":[{"@type":"SearchAction","target":{"@type":"EntryPoint","urlTemplate":"http:\/\/setdancebasel.ch\/?s={search_term_string}"},"query-input":"required name=search_term_string"}],"inLanguage":"de"}]}},"_links":{"self":[{"href":"http:\/\/setdancebasel.ch\/index.php?rest_route=\/wp\/v2\/pages\/833","targetHints":{"allow":["GET"]}}],"collection":[{"href":"http:\/\/setdancebasel.ch\/index.php?rest_route=\/wp\/v2\/pages"}],"about":[{"href":"http:\/\/setdancebasel.ch\/index.php?rest_route=\/wp\/v2\/types\/page"}],"author":[{"embeddable":true,"href":"http:\/\/setdancebasel.ch\/index.php?rest_route=\/wp\/v2\/users\/1"}],"replies":[{"embeddable":true,"href":"http:\/\/setdancebasel.ch\/index.php?rest_route=%2Fwp%2Fv2%2Fcomments&post=833"}],"version-history":[{"count":12,"href":"http:\/\/setdancebasel.ch\/index.php?rest_route=\/wp\/v2\/pages\/833\/revisions"}],"predecessor-version":[{"id":874,"href":"http:\/\/setdancebasel.ch\/index.php?rest_route=\/wp\/v2\/pages\/833\/revisions\/874"}],"wp:attachment":[{"href":"http:\/\/setdancebasel.ch\/index.php?rest_route=%2Fwp%2Fv2%2Fmedia&parent=833"}],"curies":[{"name":"wp","href":"https:\/\/api.w.org\/{rel}","templated":true}]}}